is -2 - -4405422?
4405420
In base 13, what is -1338a - -12?
-13378
In base 9, what is -2 - -145755?
145753
In base 16, what is cf29 + 1b?
cf44
In base 14, what is -81 - -4c?
-33
In base 13, what is 34 + -216?
-1b2
In base 15, what is 553 + 32d?
881
In base 15, what is 699 - 2b?
66d
In base 2, what is -1 - -101001100010001?
101001100010000
In base 2, what is -11111101111000 + 1001111?
-11111100101001
In base 12, what is -312 - -bb4?
8a2
In base 12, what is -50aa + 11?
-5099
In base 8, what is 14513 + -105?
14406
In base 10, what is -115210 - 5?
-115215
In base 10, what is 2 + 790?
792
In base 15, what is aed - -b5?
bb3
In base 12, what is -22 - -33110?
330aa
In base 6, what is 1331422 - 2?
1331420
In base 5, what is 1 + 123214?
123220
In base 13, what is 4c071 + -1?
4c070
In base 15, what is 18b - -12d?
2b9
In base 3, what is -11221012111022 - -1?
-11221012111021
In base 6, what is 0 - -55041?
55041
In base 11, what is -152 - 364?
-506
In base 16, what is 1f2224 + 3?
1f2227
In base 10, what is -16 - 7090?
-7106
In base 13, what is 1273c5 - 3?
1273c2
In base 15, what is -34 - 7a?
-ae
In base 15, what is 1015 + -3d4?
b31
In base 10, what is 21586 + -1?
21585
In base 2, what is 10 + -10000001010110011110?
-10000001010110011100
In base 4, what is -3 - -3300321?
3300312
In base 10, what is 29 - -3910?
3939
In base 12, what is 29768 + -b?
29759
In base 6, what is -11 - -212414?
212403
In base 3, what is -11 - 100221020?
-100221101
In base 6, what is 1033303 - 1?
1033302
In base 3, what is -212 - 2021010?
-2021222
In base 2, what is -101000100 + -1000000010?
-1101000110
In base 13, what is 9066 - 5?
9061
In base 9, what is 5127 + -354?
4663
In base 8, what is 46 - -72?
140
In base 9, what is -12362 + -4?
-12366
In base 5, what is 3000 - 1133?
1312
In base 2, what is -100100001011 + 1110111?
-100010010100
In base 7, what is -11363 - -25?
-11335
In base 4, what is 312 + 322033?
323011
In base 13, what is 22 - 954b?
-9529
In base 8, what is 22 + 267?
311
In base 8, what is -4 - -21551?
21545
In base 7, what is -2245246 - 3?
-2245252
In base 7, what is 24 + -40411?
-40354
In base 2, what is -1101111110111 + -11100111?
-1110011011110
In base 6, what is -155 - -24012?
23413
In base 8, what is -136716 - -4?
-136712
In base 12, what is 5 - 1aa197?
-1aa192
In base 5, what is 21 + 103134?
103210
In base 9, what is 807352 - 1?
807351
In base 13, what is -1982 + 7?
-1978
In base 10, what is -1492365 - -2?
-1492363
In base 11, what is -13a73 - -26?
-13a48
In base 7, what is 4 - -41032?
41036
In base 14, what is -538559 + 2?
-538557
In base 4, what is 22103 + 2103?
30212
In base 16, what is 18 + -21b2?
-219a
In base 3, what is -210 + 1010201200?
1010200220
In base 4, what is 1331331 - -133?
1332130
In base 9, what is 110 - 2403?
-2283
In base 10, what is 667235 + -5?
667230
In base 14, what is -42 + -23?
-65
In base 15, what is -1ad68 + 1?
-1ad67
In base 2, what is 11111001010111100 + -11?
11111001010111001
In base 16, what is -3eeee + 7?
-3eee7
In base 14, what is -72 + a?
-66
In base 3, what is 2200102111 + -1?
2200102110
In base 10, what is 3 + 327871?
327874
In base 3, what is -2 - 120200?
-120202
In base 10, what is 2 - -174220?
174222
In base 16, what is 172f - 1?
172e
In base 12, what is -b8ab59 + 1?
-b8ab58
In base 8, what is 3135 - -726?
4063
In base 11, what is -41 - -2336?
22a5
In base 8, what is -427 + 153?
-254
In base 14, what is 3284c - -b?
32859
In base 7, what is -2225654 + 3?
-2225651
In base 3, what is 2101112220 - 2?
2101112211
In base 2, what is -11111010010110011010 - -101?
-11111010010110010101
In base 6, what is -11304 + 45?
-11215
In base 10, what is -420 - 75?
-495
In base 10, what is -3 + 8694?
8691
In base 6, what is -153130 - 145?
-153315
In base 2, what is -100 + -10010010101110?
-10010010110010
In base 12, what is -4 + -66b2?
-66b6
In base 7, what is 2 - -13423136?
13423141
In base 8, what is -614432 - 4?
-614436
In base 8, what is -61 - 235?
-316
In base 3, what is -111211210120 + 10?
-111211210110
In base 5, what is 142230 - -13142?
210422
In base 14, what is 1640d6 + -3?
1640d3
In base 12, what is 13460b + 4?
134613
In base 9, what is -1 - -46227?
46226
In base 15, what is 6 + -7b62b?
-7b625
In base 12, what is -1 - 1a266?
-1a267
In base 9, what is -443 - 4688?
-5242
In base 9, what is -1085 + 12?
-1073
In base 4, what is 203 + -113202332?
-113202123
In base 10, what is 918 + -433?
485
In base 3, what is -212202 + 1011002?
21100
In base 6, what is 14255 + -133?
14122
In base 4, what is -11021 + -32022?
-103103
In base 14, what is -31 + 3112?
30c1
In base 9, what is 4 + -463177?
-463173
In base 11, what is 139 - -a4?
232
In base 11, what is 2 + -894a?
-8948
In base 16, what is -b7a - 0?
-b7a
In base 11, what is -723 - 79?
-7a1
In base 5, what is -2013240 + 12?
-2013223
In base 9, what is 4 - -747656?
747661
In base 16, what is -4 + 8edb4?
8edb0
In base 7, what is -35 - 16426?
-16464
In base 2, what is 110 - -10000011000010011111?
10000011000010100101
In base 12, what is 967 + 543?
12aa
In base 13, what is 2aa8a - -6?
2aa93
In base 6, what is 0 + 5131?
5131
In base 4, what is 303333 + 32?
310031
In base 14, what is 5 - -239?
240
In base 9, what is 3 + -13238?
-13235
In base 2, what is 10011011011 + -10011110?
10000111101
In base 13, what is -19124 + c?
-19115
In base 5, what is 31 + -11121?
-11040
In base 3, what is 22121202 - -200?
22122102
In base 10, what is -3 - 1761?
-1764
In base 4, what is -31 - -13321?
13230
In base 6, what is 20 - 1431110?
-1431050
In base 6, what is -254100354 - -5?
-254100345
In base 4, what is -1033213 + 113?
-1033100
In base 14, what is 2480dd - -3?
248102
In base 7, what is -2 - -56365?
56363
In base 15, what is 6c880 - 9?
6c876
In base 2, what is 1011000 - 110100010110110?
-110100001011110
In base 16, what is 5 - c2f64?
-c2f5f
In base 3, what is 2210 + 2022?
12002
In base 10, what is 80 - 37189?
-37109
In base 9, what is -3 - -10767?
10764
In base 7, what is -302505 + -3?
-302511
In base 15, what is -c - -d418?
d40b
In base 2, what is 101001011100000 - -10010?
101001011110010
In base 16, what is -6a - -19b?
131
In base 5, what is -10 + -1222223?
-1222233
In base 4, what is -10332320 - 1?
-10332321
In base 8, what is 520 + -303?
215
In base 4, what is 2 - 310103011?
-310103003
In base 16, what is c0 - 17f?
-bf
In base 16, what is 2d + -613?
-5e6
In base 4, what is -2303233 - 10?
-2303303
In base 16, what is 39c05 - -e?
39c13
In base 16, what is 38e6 + -8?
38de
In base 3, what is -101002 - -1012?
-22220
In base 13, what is 544 + -12c9?
-a85
In base 4, what is -311 + -1031233?
-1032210
In base 2, what is 101 - 1001101111101010?
-1001101111100101
In base 6, what is -114 - 110441?
-110555
In base 3, what is 10211012 - 2?
10211010
In base 10, what is -58868 + -2?
-58870
In base 8, what is 5324352 - -5?
5324357
In base 12, what is -8b - 12376?
-12445
In base 11, what is 0 - -4025?
4025
In base 14, what is 37 + -1821?
-17c8
In base 3, what is 10010 - 102111?
-22101
In base 8, what is -35474 + 4?
-35470
In base 5, what is -4342201 - -111?
-4342040
In base 10, what is -15 + -5814?
-5829
In base 9, what is 0 + 20241?
20241
In base 8, what is 2 - 1120662?
-1120660
In base 9, what is -38400 + 47?
-38342
In base 7, what is 13 - -3362?
3405
In base 4, what is -12333103 - -1?
-12333102
In base 16, what is -59f + 13?
-58c
In base 10, what is 19 + 92177?
92196
In base 7, what is 50435210 + 2?
50435212
In base 2, what is -110000001001010 + -1?
-110000001001011
In base 11, what is 22 + -973?
-951
In base 10, what is 31 + 548?
579
In base 13, what is -13186 - 27?
-131b0
In base 8, what is -77 + 325?
226
In base 7, what is 2241 - -43?
2314
In base 9, what is -83385 + -13?
-83408
In base 16, what is -105a + -3?
-105d
In base 3, what is -12 - -222102122?
222102110
In base 13, what is 1 - 22523?
-22522
In base 12, what is 4 - -23932?
23936
In base 7, what is 20 - -12?
32
In base 8, what is -4 - -36013?
36007
In base 2, what is 1100111101 + -111111?
1011111110
In base 15, what is -1 + 109ae?
109ad
In base 7, what is 320 + 2044?
2364
In base 6, what is -11011 + -5?
-11020
In base 14, what is -d86 + 3?
-d83
In base 3, what is -21122011001120 + -11?
-21122011001201
In base 13, what is 1a1 - 430?
-25c
In base 2, what is -10110